219. Is o a composite number?
True
Let f(z) = 243*z + 7. Let c(n) = 10*n**2 - 3*n - 1. Let h be c(-1). Is f(h) composite?
True
Let r(j) = 7*j**2 - 4 + 0*j + 8*j**2 + 2*j - 6*j**2. Let s be 10/(-15)*(-9)/2. Is r(s) composite?
False
Let d be 3/(2 + 772/(-388)). Suppose x = 2*x - d. Is x a composite number?
True
Suppose -10 = -3*q + 20. Let m(p) = 2*p - 15. Let f be m(q). Suppose 0 = 2*k - 4*s - 198, 0*k = f*k + 3*s - 469. Is k a prime number?
False
Let l = -68 - -3. Let c be 12/18 + l/3. Let b = 56 + c. Is b a prime number?
False
Let w(d) = 2*d**3 + 13*d**2 + 18*d + 8. Let o(l) = 3*l**3 + 13*l**2 + 18*l + 9. Let k(y) = -3*o(y) + 4*w(y). Is k(11) a prime number?
False
Suppose b + r = -b + 7, 4*b = -5*r + 11. Suppose 7 = -4*p + b*x + 71, x = -5*p + 98. Suppose p = k - 60. Is k a composite number?
False
Let i(q) = -q**3 - 3*q**2 - 4*q - 3. Let s be i(-2). Let a be 2 + ((-132)/s - -2). Let j = a + 285. Is j a prime number?
True
Let u(j) = 2709*j**2 + 10*j - 4. Is u(-3) prime?
False
Let l be (18/8 - 4)*4. Let c(t) = t**3 + 7*t**2 + t + 10. Let r be c(l). Suppose 775 - 22 = r*g. Is g a composite number?
False
Let r(c) = -480*c - 2. Suppose -2*v = 5 - 3. Is r(v) prime?
False
Let q(g) be the second derivative of -g**5/20 - 2*g**4/3 + 2*g**3/3 + g**2/2 + 5*g. Let p be q(-9). Suppose -s = s - p. Is s composite?
False
Suppose 0 = 3*w - 7*w + 2228. Is w a composite number?
False
Let c = 1 - -7. Suppose -2 = -t, -3*t - c = 3*z - 29. Is 2 + 1 - (-380)/z prime?
True
Let g(j) = -j**2 - 13*j. Let v be g(-13). Suppose v = -4*n + 6*n - 598. Is n prime?
False
Let r(f) = -1072*f - 354. Is r(-19) composite?
True
Suppose -22060 = 40*m - 42*m. Suppose -405 - m = -5*o. Is o composite?
False
Suppose 213*i = 223*i - 27010. Is i prime?
False
Let x = 9 - 29. Is 1/2 + (-7410)/x composite?
True
Suppose 0 = 2*l - 3*l - 271. Let p = 108 + l. Let m = 278 + p. Is m a composite number?
True
Suppose -5*j = 3*o - 10 - 0, -5*o - 15 = 2*j. Let z(c) = -c**2 + 17*c + 13. Let l(t) = -t**2 + 16*t + 12. Let k(d) = o*z(d) + 6*l(d). Is k(6) a prime number?
True
Suppose 41*b = 19*b + 372746. Is b a composite number?
False
Is ((-117)/(-18) - (-4)/(-8)) + 12191 a composite number?
False
Suppose -z = -0*w - w - 30, 4*w + 3*z + 113 = 0. Let v = w - -522. Is v a prime number?
False
Let j(b) = -6*b**2 + 10*b**2 - 2 + 2*b + 159*b**3 - 4*b. Let f(z) = -319*z**3 - 7*z**2 + 3*z + 3. Let q(d) = 3*f(d) + 5*j(d). Is q(-1) composite?
True
Let j be -3*2*(-1)/6 - 1. Is -1*((j - -3) + -382) a composite number?
False
Let y be (-2)/13 - (-2110)/26. Suppose -y = -2*c - 7. Is c a prime number?
True
Suppose -2*l = 3*l - 10. Suppose 3*i + l*i + 4*r - 1155 = 0, 465 = 2*i + r. Is i a prime number?
False
Let a be (-6)/(-2) - 4 - -3. Suppose 5 = l + a. Suppose -o - 19 = -m - 6*o, o + l = 0. Is m a composite number?
True
Let s(t) = 38*t + 4. Let v be s(7). Suppose -2*c = -5*c + v. Let i = -35 + c. Is i prime?
False
Suppose 3*w + 5*s = 25, 6*w = 2*w - s + 5. Suppose 2*a = -w*y + 3*y - 2893, 0 = -4*y + 4*a + 3852. Is y a prime number?
True
Let a(b) = b**3 - 14*b**2 - 13*b - 15. Let c be a(15). Let w be (c/10)/((-6)/(-8)). Suppose -2*i = u - 3*u + 1916, 1895 = w*u + 5*i. Is u a composite number?
True
Let u be 2/2 + 2/2. Suppose 2*o = -5*f + o + 14, 2*f + 8 = 3*o. Suppose -f*z = -u*d - 576, -z + 70 = 3*d - 238. Is z a prime number?
True
Let d(g) = -21*g**3 - 15*g**2 + 17*g + 72. Is d(-7) prime?
True
Is (12/(-16))/((-1)/1172) prime?
False
Suppose 5*r = 2*x + 60, 0*x = 3*r + 4*x - 36. Suppose 0 = r*v - 9*v - 4317. Is v prime?
True
Let i(r) = -11*r - 5. Let b(y) = 5*y + 3. Let l(f) = 9*b(f) + 4*i(f). Let g be l(0). Suppose 1055 = g*k - 2*k. Is k a prime number?
True
Let o(n) = 2*n**3 + 4*n**2. Let z be o(-1). Let p = -3 - -6. Suppose -p*s + z*s + 39 = 0. Is s prime?
False
Let y(v) = 5*v**3 - 3*v**2 - v - 5. Let d(i) = 9*i**3 - 7*i**2 - 3*i - 10. Let o(r) = 6*d(r) - 13*y(r). Is o(-8) a prime number?
False
Suppose -5*q + 917 = 4*v - 70, 0 = 4*v + 3*q - 997. Suppose 144 + v = b. Is b a composite number?
False
Let w(g) = 47*g**2 - 69*g + 67. Is w(27) composite?
False
Let i(w) = w**3 - 4*w**2 + w. Let k be i(4). Suppose -2*a + 4*g = -30, -k*a - 4*g + 15 = -3*g. Suppose 0 = -a*c - 9 + 274. Is c prime?
True
Suppose 0 = 3*o + 6*o. Suppose 43*w - 41*w - 106 = o. Is w a composite number?
False
Let q(b) = 17*b - 4. Let v be q(10). Suppose -894 = -4*c - v. Suppose 0*l = 2*l - c. Is l a composite number?
True
Let r = -9711 + 16407. Suppose -2*p + 4*z + 5003 = p, -z + r = 4*p. Is p a composite number?
True
Let x(j) = 14*j + 8. Let g be x(6). Let d = g + -30. Let u = 99 - d. Is u composite?
False
Suppose -4*n = -n + 33. Let h(b) be the first derivative of -34*b**2 + 3*b + 90. Is h(n) a prime number?
True
Suppose 11*o - 45445 = 6*o. Is o prime?
False
Let r(a) be the first derivative of 370*a**3/3 + a**2 - a - 1. Let j = 1 - 0. Is r(j) composite?
True
Let n = -97 + 9480. Is n composite?
True
Is (255739/(-67))/(1 + -2 + 0) prime?
False
Let z(g) = g**3 + 21*g**2 - g - 21. Let x be z(-21). Suppose -6*a + 7*a - 12 = x. Suppose 3*d + a = 7*d. Is d prime?
True
Let h(l) = 2*l**2 - 2*l - 2. Let s be h(2). Suppose -14 = -5*p + 1. Suppose 0*g = -o - 2*g + 59, p*g - 122 = -s*o. Is o a composite number?
False
Suppose 14*a - 10*a + 25044 = 0. Let g = a - -9862. Is g a prime number?
False
Suppose 37*u - 87607 = 14*u. Is u a composite number?
True
Let t(p) = 209*p**2 + 12*p - 3. Is t(6) a prime number?
False
Is 15253/1 - 9/(-36)*0 prime?
False
Suppose q = -2*q - 2*w - 692, 2*w - 4 = 0. Let i = 489 + q. Is i prime?
True
Suppose -3*q = -6*q + 3*s + 549, -5*s + 195 = q. Is q composite?
True
Let k = 13 + -11. Suppose 4*q = -a + 9807, -k*q - 4*a = 2*q - 9816. Suppose 5*c = -2*f + 4071, -c - 3*f - q = -4*c. Is c a composite number?
True
Let a be 1/(-3*(-2)/30). Suppose -2*q = w - 0*w - 1468, -q - a*w = -743. Is q a prime number?
True
Suppose 10*b - 72 = -8*b. Suppose 2*c + 6270 = b*n, -6*c + 5*c - 5 = 0. Is n prime?
False
Let o(g) = -4*g**3 - 2*g**2 + 17. Let f(d) = -3*d**3 - d**2 + 16. Suppose -2 = -4*s - 10. Let z(i) = s*o(i) + 3*f(i). Is z(0) a composite number?
True
Let n(r) = 137*r**2 + 1 + 1 - 136*r**2. Let p be n(0). Is 2/(p + (-272)/140) composite?
True
Suppose 15044 - 95380 = -16*t. Is t a prime number?
True
Let f be -3*(-2)/(-6)*-4. Suppose -2*v - 5*i = -1619, 765 = v - f*i - 38. Is v a prime number?
False
Let u be (18/(-45)*1)/((-1)/2505). Suppose -4303 = -5*x + u. Is x a prime number?
True
Suppose 3*i + q - 5*q - 1933 = 0, -2*i = 2*q - 1298. Is i a prime number?
True
Suppose -3*s + 7 = -2*v, -19 = 3*v + v - s. Suppose 5*f - 2*a + 9 = -4*a, -4*a - 6 = -2*f. Is 87 + (f - (v + 2)) a composite number?
False
Let w = -50 + 55. Suppose w*h = 4*h - 4*y + 979, y = -4*h + 3916. Is h prime?
False
Let y(o) = 62*o**2 - 6*o - o + 7 + 3*o. Let t be y(5). Suppose 2361 = 2*w - t. Is w a prime number?
True
Let f(y) = 197*y**2 + 7*y - 73. Is f(9) prime?
False
Suppose 0 = 3*d - 2*d + 3, 3*r - 2*d = -18. Let w(j) = j**2 + 6*j - 16. Let f be w(r). Suppose 2*b + f*b - 266 = 0. Is b composite?
True
Suppose 5*i - 24 = q, 2*i + 19 = -q + 6*i. Is 723 - (3 + (q - 0)) prime?
True
Suppose 2*y + 9*s - 6*s = 4790, -y + 2395 = 3*s. Is y composite?
True
Let b be (-2)/(12/(-3954)) + -4. Suppose 2*z - 38 - 26 = 0. Let o = b - z. Is o a prime number?
False
Let q be 44*((-543)/(-12) - 0). Let y = q + -448. Is y a prime number?
True
Let m(q) = -125*q - 129. Let h(l) = -63*l - 65. Let d(w) = -5*h(w) + 2*m(w). Is d(8) prime?
True
Let y be (-3719)/(-7) - 6/21. Suppose 0 = -8*g + 440 + 5592. Let s = g - y. Is s a composite number?
False
Let b(s) = 30*s**2 - 6*s - 39. Is b(-16) a composite number?
True
Is ((-9573)/3)/(-3 - -2) prime?
True
Let y be 1/(-2) + 10413/18. Suppose -l - 3*d + 157 = 0, -5*l + y = 2*d - 259. Suppose 4*g - n = 134, g + 2*n + l = 6*g. Is g composite?
True
Let w(y) = -y**3 + 4*y**2 + 6*y - 10. Let l be w(5). Let i be (132/l)/(-2)*55. Let p = -313 + i. Is p composite?
True
Let p = -710 + 1000. Suppose -5*c - 2*h = -1965 - p, 5*h + 1353 = 3*c. Is c a prime number?
False
Let r = 536 + 25373. Is r a composite number?
True
Is 40380/10*(-14)/(-12) a composite number?
True
Let l be (-5)/10*0 + 8. Suppose -l*m + 5468 = -4*m. Is m a prime number?
True
Let r = 10188 + -7267. Is r